
-26
Let d(q) = q**3 + 5*q**2 + 2*q. What is d(-3)?
12
Let k(l) = l**3 - l**2 - 3*l - 2. What is k(-2)?
-8
Let g(d) = 2*d**3 + 17*d**2 + 15*d + 5. Give g(-7).
47
Let k(p) = -2*p**2 - 30*p - 21. Give k(-15).
-21
Let s(a) = a**2 + 7*a + 13. Calculate s(-6).
7
Let u(v) = 4*v - 12. Determine u(9).
24
Let q(u) = -3*u - 37. Calculate q(-10).
-7
Let t(i) = -i**2 - 4*i + 2. What is t(-5)?
-3
Let p(u) = -u + 1. What is p(-3)?
4
Let l(n) = n**2 - 3*n - 1. Determine l(-3).
17
Let j(v) = v**3 - 7*v**2 + 15*v - 10. What is j(4)?
2
Let y(p) = p**2 - 11*p - 11. Calculate y(13).
15
Let l(z) = 18*z**2 - 26*z. What is l(2)?
20
Let w(z) = z**3 + 2*z**2 - z + 7. What is w(-3)?
1
Let m(v) = -3*v**2 + 110*v - 78. Determine m(36).
-6
Let s(b) = b + 11. Calculate s(-27).
-16
Let n(d) = -d**2 - 7*d + 82. What is n(-13)?
4
Let c(q) = -4*q**2 + 38*q + 128. Determine c(-3).
-22
Let s(d) = -d**3 + 2*d**2 + d - 2. Calculate s(3).
-8
Let o(t) = -2*t**3 + 4*t**2 + 3*t - 2. Determine o(4).
-54
Let q(o) = -4*o - 7. Give q(4).
-23
Let l(r) = 16*r**2 - 18*r + 10. Give l(1).
8
Let p(l) = 17*l - 3. Determine p(5).
82
Let y(d) = -d**2 + 12*d - 33. Determine y(8).
-1
Let q(o) = o**2 + 10*o + 10. Calculate q(-7).
-11
Let k(n) = n**2 + 14*n + 12. What is k(-7)?
-37
Let s(l) = 8*l + 1. Give s(-2).
-15
Let g(c) = c**2 + 6*c + 3. Calculate g(-2).
-5
Let v(i) = 15*i + 17. What is v(-2)?
-13
Let z(b) = -b**2 + 15*b - 22. Give z(14).
-8
Let o(g) = -2*g**2 - 11*g + 1. Determine o(-8).
-39
Let q(l) = -l**3 - 15*l**2 - 29*l - 210. Give q(-14).
0
Let g(r) = -r + 2. Calculate g(7).
-5
Let c(q) = 19*q + 175. Determine c(-9).
4
Let d(p) = 19*p**3 - 1. Calculate d(-1).
-20
Let f(w) = -w**3 - 23*w**2 + 26*w + 54. Determine f(-24).
6
Let l(o) = -o**2 - 5*o. Give l(-6).
-6
Let i(w) = -4*w + 26. Give i(8).
-6
Let l(z) = z**3 - 22*z**2 - 24*z + 37. Determine l(23).
14
Let s(x) = -x**2 - 4. Calculate s(-3).
-13
Let k(a) = -18*a - 3. Give k(8).
-147
Let u(m) = m**3 - 7*m**2 - 2*m + 8. Calculate u(7).
-6
Let r(j) = -31*j + 1. What is r(1)?
-30
Let n(v) = v**2 - 15*v + 3. Determine n(8).
-53
Let p(f) = f**3 - 10*f**2 + 13*f - 12. Give p(9).
24
Let y(p) = -37*p - 2. Determine y(-2).
72
Let x(a) = -a**2 - 11*a - 41. Determine x(-7).
-13
Let x(t) = -t**3 - 3*t**2 - 4*t - 2. Give x(-3).
10
Let m(l) = -l**2 + 5*l + 6. Determine m(5).
6
Let z(x) = -2*x + 17. Calculate z(5).
7
Let d(r) = r**3 - 25*r**2 - 30*r + 86. Calculate d(26).
-18
Let u(v) = -26*v - 54. Calculate u(-3).
24
Let j(t) = -7*t - 1. What is j(-3)?
20
Let s(o) = 12*o**3 - 3*o**2 - 4*o + 6. Calculate s(1).
11
Let x(d) = d**2 + 7*d + 11. Give x(-6).
5
Let g(p) = -p**2 - 28*p - 157. Determine g(-11).
30
Let s(m) = -38*m**3 - 2*m**2 - 2*m. Determine s(-1).
38
Let r(n) = -8*n**2 - 25*n - 3. What is r(-3)?
0
Let y(m) = -m**3 - 19*m**2 + 40*m - 34. What is y(-21)?
8
Let u(i) = -i**3 - i**2 + i. What is u(3)?
-33
Let f(o) = -o**3 - o**2 + 3*o - 6. What is f(0)?
-6
Let i(a) = -a**2 - 13*a + 23. Give i(-14).
9
Let m(g) = -g**3 - 6*g**2 + 10*g + 4. Give m(-7).
-17
Let u(k) = 7*k**2 + 5*k + 5. Calculate u(-3).
53
Let u(v) = v**3 + 22*v**2 + 37*v - 35. Give u(-20).
25
Let h(y) = y**3 + 3*y**2 + 4*y + 3. Determine h(-2).
-1
Let a(b) = -4*b - 71. What is a(-18)?
1
Let k(g) = g**2 - 4*g - 1. Determine k(4).
-1
Let t(o) = o - 33. What is t(25)?
-8
Let h(j) = j - 28. Determine h(9).
-19
Let x(m) = -11*m**2 - 7*m - 4. Determine x(-2).
-34
Let m(j) = -4*j + 25. Calculate m(-11).
69
Let r(c) = -c - 19. What is r(-9)?
-10
Let t(g) = 71*g - 10. Give t(-2).
-152
Let p(h) = -2*h**3 + h**2 + 8. Calculate p(3).
-37
Let z(b) = 9*b + 5. Determine z(6).
59
Let p(n) = -8*n + 297. Calculate p(36).
9
Let s(v) = -3*v**3 + v**2 + 4*v - 3. Calculate s(2).
-15
Let b(x) = -2*x - 19. Determine b(9).
-37
Let y(l) = -3*l**3 - l**2 + l - 1. What is y(1)?
-4
Let m(a) = -6*a + 123. Give m(8).
75
Let s(n) = n**2 + 7*n - 305. Determine s(14).
-11
Let r(x) = -x**3 + 12*x**2 + 12*x + 19. Give r(13).
6
Let m(y) = y**3 - 16*y**2 - 17*y - 6. Determine m(17).
-6
Let z(u) = u**2 - 4. Give z(6).
32
Let w(z) = 27*z + 146. Determine w(-5).
11
Let n(t) = -t**3 + 6*t**2 + 7*t + 2. What is n(7)?
2
Let l(v) = -v**2 - 22*v - 5. What is l(-23)?
-28
Let t(j) = j**3 + 5*j**2 + 2. What is t(-5)?
2
Let s(j) = -33*j + 592. What is s(18)?
-2
Let k(x) = -5*x - 69. What is k(-11)?
-14
Let r(x) = -4*x**2 + 5*x - 3. Calculate r(3).
-24
Let f(p) = -p**2 + 8*p - 6. What is f(6)?
6
Let r(c) = -c**3 - 6*c**2 + 7*c - 2. Calculate r(-7).
-2
Let k(x) = -x**3 + x**2 - x + 2. What is k(1)?
1
Let s(m) = -m**2 + 4*m + 7. Calculate s(5).
2
Let j(k) = -k**2 - 5*k - 10. Determine j(-3).
-4
Let s(x) = 16*x - 419. What is s(26)?
-3
Let i(h) = 4*h**2 + 3*h - 1. Give i(1).
6
Let n(f) = f**3 + 7*f**2 + f + 4. Give n(-3).
37
Let y(f) = f**3 + 10*f**2 - 5*f - 14. Give y(-10).
36
Let w(l) = -102*l - 1127. Calculate w(-11).
-5
Let d(x) = -x**2 - 2*x + 11. Give d(-8).
-37
Let t(r) = r**3 + 19*r**2 + 77*r. Give t(-13).
13
Let b(x) = -x**2 + 2*x + 3. What is b(-2)?
-5
Let k(a) = a**3 - 8*a**2 + 11*a + 7. Give k(6).
1
Let x(w) = w**3 + 1. Give x(2).
9
Let u(q) = 12*q + 60. Determine u(-5).
0
Let r(p) = -p - 2. Determine r(8).
-10
Let t(m) = -2*m**3 - 7*m**2 + 19*m + 17. Calculate t(-5).
-3
Let s(g) = -g**2 - 5*g + 12. Determine s(-6).
6
Let i(a) = -a**3 - 7*a**2 - 4*a - 9. What is i(-7)?
19
Let m(z) = -z**2 - 16*z - 41. What is m(-13)?
-2
Let j(x) = -x - 19. What is j(-6)?
-13
Let m(g) = -24*g + 75. What is m(3)?
3
Let b(x) = -x**2 - 5*x + 12. Determine b(-6).
6
Let l(x) = 3*x**2 - 15. Calculate l(0).
-15
Let i(p) = -p**2 + 6*p + 1. Calculate i(6).
1
Let m(w) = 7*w**2 - 3*w - 7. Determine m(2).
15
Let g(b) = -2*b**2 + 7*b - 7. Give g(5).
-22
Let y(a) = a**3 + 8*a**2 + 11*a + 1. Calculate y(-6).
7
Let n(d) = d**2 + 9*d + 5. Calculate n(-9).
5
Let s(c) = -5*c + 63. Give s(13).
-2
Let k(n) = -n**3 + 6*n**2 + 2*n - 2. Determine k(3).
31
Let o(h) = -h**2 + 8*h + 3. Determine o(8).
3
Let g(z) = -6*z - 15. Determine g(-5).
15
Let a(l) = -6*l + 14. Calculate a(5).
-16
Let h(j) = j**3 + 21*j**2 + j + 24. What is h(-21)?
3
Let n(m) = 8*m + 6. Calculate n(4).
38
Let v(g) = g**3 - 19*g**2 + 37*g - 40. Calculate v(17).
11
Let q(y) = -y**2 + 39*y - 85. Determine q(36).
23
Let k(h) = -7*h + 13. Give k(4).
-15
Let n(x) = -2*x + 13. Give n(2).
9
Let r(m) = -7*m**2 - 14*m + 3. Determine r(-2).
3
Let v(j) = -j**3 + 8*j**2 + 17*j - 13. Calculate v(10).
-43
Let i(y) = -7*y**2 - 9*y - 8. Determine i(-1).
-6
Let d(t) = -3*t. Give d(-1).
3
Let a(n) = n - 6. Calculate a(4).
-2
Let u(s) = 2*s - 15. Calculate u(7).
-1
Let y(l) = -6*l**3 - 59*l**2 + 7*l - 31. What is y(-10)?
-1
Let m(k) = -15*k + 11. Determine m(3).
-34
Let n(r) = -13*r - 90. Determine n(-6).
-12
Let j(o) = 4*o + 187. What is j(-37)?
39
Let t(w) = -w**3 + 12*w**2 - 33*w - 5. Calculate t(5).
5
Let q(k) = k**3 + 8*k**2 - 4*k - 56. Determine q(-6).
40
Let l(p) = -p**2 - 11*p + 49. Give l(-19).
-103
Let r(h) = -h**2 + 21*h + 62. Calculate r(25).
-38
Let c(a) = a**2 + a - 2. Give c(-3).
4
Let r(g) = g**2 + 6*g - 7. Give r(0).
-7
Let b(j) = -3*j + 3. Calculate b(-8).
27
Let f(n) = -13*n - 13. What is f(-6)?
65
Let y(w) = -19*w + 37. What is y(2)?
-1
Let q(l) = l**3 + 10*l**2 + 10*l + 1. Calculate q(-9).
-8
Let l(d) = d**2 + 3*d + 6. Calculate l(-4).
10
Let r(w) = 62*w**2 - w + 1. Calculate r(1).
62
Let n(l) = -9*l - 92. What is n(-9)?
-11
Let m(b) = -b**3 - 5*b**2 - 8*b - 2. Give m(-3).
4
Let s(a) = a**3 + 30*a**2 - a - 41. What is s(-30)?
-11
Let b(y) = 5*y**3 - 5*y - 5. What is b(-3)?
-125
Let z(y) = 9*y - 16. Calculate z(5).
29
Let g(x) = -x**2 - 18*x + 26. Determine g(-19).
7
Let w(h) = h**2 - 7*h + 7. Determine w(9).
25
Let t(g) = -g**2 - 12*g - 30. Give t(-6).
6
Let m(o) = 50*o + 251. Calculate m(-5).
1
Let w(z) = z - 7. Calculate w(6).
-1
Let w(i) = i**3 + 11*i**2 + 20. Give w(-11).
20
Let w(h) = -h**2 - 8*h - 18. Calculate w(-3).
-3
Let d(n) = 2*n + 33. Calculate d(-15).
3
Let p(o) = o**3 + 20*o**2 - o - 17. What is p(-20)?
3
Let g(f) = -f**2 + 10*f + 5. Determine g(6).
29
Let m(g) = 2*g. What is m(-10)?
-20
Let n(x) = x**3 + 5*x**2 - 4*x - 3. Give n(-6).
-15
Let d(v) = -2*v**2 + 2*v - 2. What is d(3)?
-14
Let x(q) = 2*q**2 + 25*q - 15. Determine x(-12).
-27
Let l(t) = -7*t + 5. What is l(-3)?
26
Let